uppose g - 4*d + 9*d = s, 2*g - 4*d - 4862 = 0. Is g a prime number?
True
Let v be 25/(-15) + 1 - 566/(-3). Is v + 7/(42/18) prime?
True
Let s(m) = 845*m**2 + 88*m - 3142. Is s(25) prime?
False
Let y = -17572 + 33613. Suppose 5*k + 25 = 0, 6*z - 3*k - y = 3*z. Is z composite?
True
Let d = 424 - -297. Suppose h + d = 6910. Is h prime?
False
Let i(c) = -2*c + 42. Let j be i(12). Is ((j/(-4))/3)/(33/(-2332)) prime?
False
Let a be 4 + -3 - 0 - 1279. Let d = a + 1951. Is d a composite number?
False
Let w = -92 - -90. Let h be (w/(-9))/1*126/14. Suppose -2*q - 2*z + 1228 = -0*q, -h*q - 3*z + 1229 = 0. Is q a prime number?
True
Suppose 99*d = 100*d - 17769. Let t(r) = -r**3 - r**2 - 5. Let b be t(-4). Suppose -d = -b*h + 40*h. Is h prime?
True
Let z be (-3)/((-24)/74) - 15/60. Let t be (16/(-72))/((-1)/z). Suppose 0*v = v, -v = t*w - 410. Is w prime?
False
Suppose 5*o - 5*m = 130, 34 = o + 4*m - m. Is o/(-21)*-3 - -6329 a prime number?
False
Let r be (1 - -3)*18/24. Suppose -s + 3*f + 5497 = 0, 8*f - 11*f = -r*s + 16515. Is s a prime number?
False
Let m(w) be the first derivative of w**5/15 + 25*w**4/24 + w**3 - 7*w**2/2 - 41. Let x(j) be the second derivative of m(j). Is x(-11) prime?
False
Suppose -5*g + 5604315 = -4*i, -4*g - 28*i + 33*i = -4483452. Is g composite?
True
Let i(w) = 2581*w**2 + 17*w - 19. Let v(q) = -q - 3. Let k be v(-4). Is i(k) prime?
True
Let j be (-514)/(-5 - (-3606)/726)*2. Suppose -3*c = 5*m - m - 31127, 2*m = 3*c - j. Is c prime?
True
Is ((-24)/(-120))/((-6)/(-1783230) - 0) a prime number?
True
Suppose -5*a + 73033 = -b - 185778, -3*b + 51775 = a. Is a prime?
False
Let w(n) = 375*n**2 - 48*n - 694. Is w(-17) prime?
True
Suppose 7 + 3 = 5*f + 5*n, -4*n = -5*f + 28. Suppose -1015 = 5*x - 5*a - 20120, f*a = 2*x - 7642. Is x composite?
False
Let w = -28 + 29. Is (-30962061)/(-513) - w*(-2)/19 a composite number?
True
Let c(t) = -t**3 + 19*t**2 - 4*t + 5. Suppose -5*m = -6 - 4, 4*m + 32 = 4*u. Is c(u) a composite number?
True
Is ((-7774262)/(-16) - -2) + 3 + 108/(-32) composite?
False
Let q = -14456 + 22412. Suppose -4*i + p = -p + 19542, i + 4883 = -2*p. Let a = i + q. Is a a composite number?
True
Let j = 93 - 89. Suppose -2*w - y = j*y - 1105, 2*y = 2*w - 1140. Let l = -86 + w. Is l prime?
True
Suppose -2*w - 97 = -5*v - 746, 0 = -3*w + 3*v + 969. Suppose 10*m - 418 - w = 0. Suppose m*t - 79*t = -3405. Is t prime?
False
Let i(v) = 4*v + 28. Let o be i(9). Suppose 69*x = o*x + 11030. Is x composite?
True
Suppose 8 = 3*j + 11. Let w be (-4 + 4 + j)*-937. Is w*1 - (-8 - -11) composite?
True
Let x(y) = 2277*y**2 + 3*y + 3. Let m be x(-1). Let k = m + 2072. Is k a prime number?
True
Suppose 127 = 21*b + 22. Suppose -s - m - 13196 = -b*s, 0 = -5*m. Is s a prime number?
True
Suppose 2*z - 5*x = 30, 0*z + 3*x + 22 = 2*z. Suppose z*l + 3280 = -1340. Let w = -585 - l. Is w a prime number?
False
Let x = 332 - 350. Is ((-34244)/(-42))/((-4)/x) a composite number?
True
Suppose 170*j + 1244419 = 17353959. Is j a composite number?
True
Suppose -8*m + 3*m = -2*x + 3, -5*x = -3*m - 17. Let s be (-2)/(25/15 - m). Let d(h) = -169*h - 8. Is d(s) composite?
False
Suppose -x - 2*i = -4*i + 7, 5*x - i = 1. Let k(w) = 2*w**2 - 2*w. Let n be k(x). Suppose 3*l - 7*l + 4*s + 10700 = n, l - 3*s - 2683 = 0. Is l composite?
False
Suppose -116 = 5*u + 159. Let w = -52 - u. Suppose -4*r + r = -w*k - 3273, 5*k = -20. Is r composite?
False
Let n(h) = h**3 + 9*h**2 + 9*h + 3. Let z be n(-8). Let y(t) = t - 2. Let k be y(z). Let r = 15 - k. Is r composite?
True
Suppose -8 = a - 3*l + 4*l, 0 = -3*a + l - 24. Let r be ((-6)/a + 1)*4. Let g(y) = 547*y + 2. Is g(r) a composite number?
True
Let y(s) = -s**3 + 74*s**2 + 276*s + 97. Is y(68) a prime number?
False
Let f(q) = 269*q**2 + 95*q + 535. Is f(-6) prime?
True
Suppose -4*g + 2*g = -8, -3*g + 7 = -k. Suppose -2*u - a = -3645, 0 = 5*u + k*a - 6303 - 2807. Is u composite?
False
Let m be -6*(-38647)/126*3. Suppose a = -t + m, -6*t = -9*t - 5*a + 16567. Is t a composite number?
False
Suppose 17*q = -5*q + 1077890 + 6672732. Is q a prime number?
True
Suppose -2*o - 9 = 5*v + 12, 4*o = 3*v + 23. Let a be (o/(-6))/((-13)/14118). Suppose 5*g - 875 = -4*q, -q - 359 = -4*g + a. Is g composite?
False
Suppose 5*y - 189 = 14*y. Is (-21973)/y - (-8)/12 a prime number?
False
Is (130637241/(-462) + 2/22)*(-1 + -1) composite?
True
Let c(y) = 7*y - 9. Let t(u) = 4*u - 5. Let z(p) = -3*c(p) + 5*t(p). Let a be z(-3). Suppose -x + 5*x + 3493 = 5*n, -x + 3508 = a*n. Is n composite?
False
Let t = 2883 + 422. Suppose -8*z = 3*k - 7*z - 4974, -2*k + t = -3*z. Is k composite?
False
Is 18790/(-6)*((-1989)/(-85))/(-13) a composite number?
True
Let m(q) = q**2 + 4*q - 7. Let f be m(-6). Suppose 8113 = f*p + 998. Is p composite?
False
Let x = 42 - 38. Suppose -2*l + x*f = -1256, -2500 = -4*l + 3*f + f. Is (2 - (-15)/(-10))/(1/l) a prime number?
True
Is 20744*1 - (84 - 71) composite?
False
Suppose -4*w = j - 13552, w + 48913 = 4*j - 5261. Suppose -j = -13*m + 71775. Is m a prime number?
True
Let p = 134 + -133. Is ((-2205)/(-18) - -3)*p*2 a prime number?
True
Let j = 38 + -36. Suppose -j*o = 33 + 15. Is (-904)/o*(1 + 2) a prime number?
True
Let b(s) = -7*s**2 - 2*s - 4. Let v be b(-2). Let p be ((-42)/49)/(6/v). Is 10/p*(-35488)/(-80) composite?
False
Suppose 13*x - 3*x - 11080 = 0. Let p = 1095 + x. Is p composite?
False
Let t(b) = 405*b**2 + 210*b + 7. Is t(-8) a prime number?
True
Suppose 28*v = 26*v + 5*u + 305373, -2 = -2*u. Is v composite?
True
Let o be ((-2064)/56)/(2/(-14)). Let c = o - -220. Let r = c - -1179. Is r composite?
False
Suppose i - 5*i = -372. Let t = -1884 + 2203. Suppose -2*k + t = i. Is k composite?
False
Suppose 3*f + 6 = 0, 3*b - 107930 = 6*f + 376045. Is b composite?
True
Suppose z - 2 = 0, -4*v - 3*z = -168 - 14. Let u = v - 42. Is (4595/(-10))/(u/(-4)) prime?
True
Let u be ((-21)/2*1)/3*-6. Let s(j) be the third derivative of j**6/120 - j**5/3 - 7*j**4/12 - 10*j**3/3 + 21*j**2. Is s(u) a prime number?
True
Let m(c) = -97*c + 117. Let u(z) = -34*z + 39. Let b(j) = -6*m(j) + 17*u(j). Is b(26) a composite number?
True
Suppose -l = 32*h - 28*h - 41945, 0 = -3*l + 5*h + 125971. Is l a prime number?
False
Let p(r) be the first derivative of 63*r**2/2 - 22*r - 59. Is p(7) a prime number?
True
Let h(r) = 24213*r**3 - 17*r**2 + 41*r - 19. Is h(2) prime?
False
Let h(u) = -1409*u - 51. Let l be h(-6). Let x = l + 416. Is x a composite number?
False
Let c(h) = 153*h**2 - 141*h + 1517. Is c(92) prime?
True
Suppose 0 = -4*d - 4, 0 = -5*h + h - 4*d + 4. Let g(k) = 2081*k + 1. Is g(h) a prime number?
False
Let w(b) = 133 - 34 + 5*b**2 - 38*b + 238 + 3*b + 24*b**2. Is w(-34) prime?
True
Let w be (-1325 + 1)*441/(-14). Suppose -2*h - h = w. Is (-20)/4*h/30 a composite number?
True
Suppose 90*b = 93*b - 3. Is b*4934*105/70 a composite number?
True
Let t = 4 + 1. Suppose -t*p = 5*q - 3*p - 8781, -p - 1759 = -q. Is q composite?
True
Let g be 3319 + 3 + 2 + -3. Let b = g + -2195. Suppose u = 3*u - b. Is u prime?
True
Let n be 12 - -3837 - (-20)/4. Suppose n = 3*v - 5*h, -4*v + 5137 = -h - 4*h. Is v prime?
True
Let w = -112 + 10. Let f be (w - -5)/(2/64*-2). Suppose -3*z + 2021 = -f. Is z a composite number?
True
Suppose 16 = 4*p - 2*m, 0*p + p = -3*m - 10. Suppose 3*h = p*a + 649, 5*h - 1371 + 291 = 5*a. Is h a prime number?
False
Suppose -104*w - 1728386 = -87*w - 9248217. Is w a composite number?
True
Let b(x) = 2*x**2 - 18*x. Let s be b(9). Suppose 5*t = -m + 1331 + 322, s = -4*t + 4*m + 1332. Is t a prime number?
True
Let z(f) = -2*f - 23. Let x be z(-6). Let v(y) be the second derivative of -y**5/20 - 5*y**4/6 + 13*y**2/2 + y. Is v(x) a composite number?
True
Let k be (-116)/(-36) - 1/18*4. Suppose -4319 = -4*o + s, -4*o + 1744 = -k*s - 2565. Is o a prime number?
False
Let m = -216882 - -431275. Is m a prime number?
False
Let k(g) = -21*g**2 - 11*g. Let x(n) = -n**2 + n - 1. Let q(y) = -k(y) - x(y). Is q(4) a composite number?
True
Suppose 0 = 15*w - 15*w + 59*w - 2889407. Is w prime?
True
Suppose -187*z + 1430994 = 5*d - 186*z, -5*d + 3*z + 1430998 = 0. Is d a prime number?
True
Suppose j - 4*y + 15 = 0, 2*y - 2 + 7 = 3*j. Suppose -j*c + 8881 = 966. Is c composite?
False
Suppose 18*y = 22*y + 22008. Let l = -3923 - y. Is l a 